ose -6 = -2*l, -3*l = -3*v + 17 + 16. Calculate the remainder when r(7) is divided by v.
11
Let o = -1356 + 1424. Calculate the remainder when 200 is divided by o.
64
Let a = 1033 - 979. Suppose 4*c - 10 - 12 = -2*t, 0 = 4*c - t - 19. Suppose p - 4*q = 18, -2*q - 3*q = c. Calculate the remainder when a is divided by p.
12
Let t = 3521 - 1567. What is the remainder when t is divided by 85?
84
Suppose -3*h + y - 35 = 5*y, 8 = -4*y. Let t(n) = -2*n - 9. Let m(w) = -w**3 - 5*w**2 - 4*w + 25. What is the remainder when m(-4) is divided by t(h)?
7
Suppose 4*m - 50 = -h, 378 - 59 = 5*h - 3*m. Suppose 5*u + 3*k = h, 8*u + 2*k - 28 = 6*u. What is the remainder when 33 is divided by u?
3
Suppose -474 = -4*b - 2*f, 74*b + 3*f = 79*b - 565. What is the remainder when b is divided by 5?
1
Suppose 40 = s + 9*s. Suppose -3*r = -6, -c - 3*c + s*r - 8 = 0. Suppose -2*f + 27 - 9 = c. What is the remainder when 60 is divided by f?
6
Let u(b) = -17*b**2 - 3*b - 3. Let f be u(-1). Let v = f + 11. Let z(p) = -20*p - 36. What is the remainder when z(v) is divided by 22?
18
Let f(g) = g**2 - 17*g - 135. Let n be f(21). Calculate the remainder when 474 is divided by n/(-6*(-2)/(-16)).
66
Suppose 6*f + 70 = 16*f. Suppose f*r + 4*r - 341 = 0. What is the remainder when r is divided by 4?
3
Suppose h = -5*j + 5783, 25*j + 2316 = 27*j - h. What is the remainder when j is divided by 28?
9
Suppose 5*f - 14 = 3*f. Calculate the remainder when 32/(-48)*(0 + (-57)/2) is divided by f.
5
Let y(v) = -82 + 34 + v**2 + 43 + 34 - v. What is the remainder when 107 is divided by y(0)?
20
Let v = -19320 - -36426. What is the remainder when v is divided by 26?
24
Suppose 707 + 340 = 5*f + o, 14*f - o - 2943 = 0. What is the remainder when 11127 is divided by f?
207
Suppose -9 = -2*d + k + 19, 4*d + k = 68. Suppose 0 = -6*z + d + 50. Suppose z = -35*s + 36*s. Calculate the remainder when s is divided by 8.
3
Let g(z) = 79*z**2 - 449*z - 48. What is the remainder when 15911 is divided by g(6)?
101
Suppose -3*p + 0 = -45. Suppose -8*r + 19*r + 33 = 0. Calculate the remainder when (-12)/r - (-3 + 165/(-5)) is divided by p.
10
Let r(i) = 10*i - 37. Let q be r(5). Suppose q = p - 243. What is the remainder when p is divided by 37?
34
Suppose 604 = 5*p + 3*o, 7*o = p + 9*o - 118. Let n = p + -88. Calculate the remainder when n is divided by 21.
13
Suppose -2*z = -z + 165. Let b = z + 277. Suppose x = -10, 861*d - 864*d - 151 = 22*x. Calculate the remainder when b is divided by d.
20
Let i(p) = -2 - 4*p - 18 + 3*p - 3*p. Let z be i(-5). Suppose z = -2*a + 9*a - 441. Calculate the remainder when a is divided by 16.
15
Let a = -182 - -203. Calculate the remainder when 499/6 + 1*(-5)/30 is divided by a.
20
Let v(i) be the first derivative of -15*i**2/2 - 30*i + 9. Suppose 3*w + 1 = 3*y + 7, 5*y = -w - 40. Calculate the remainder when v(y) is divided by 19.
18
What is the remainder when 252 is divided by -1*4/(-30) - ((-17361)/405 - 10)?
40
Let i = -60 + 86. Suppose -94*k - 156*k - 763 = -19763. Calculate the remainder when k is divided by i.
24
Suppose -10*u - 571 + 931 = 0. What is the remainder when 745 is divided by u?
25
Suppose 5*z - l = 78, 221*l + 52 = 3*z + 223*l. Calculate the remainder when 506 is divided by z.
10
Let n be (2 - 1)*-1 + 3. Suppose 36*p + 8*p = 10*p - 68. Calculate the remainder when p/12*n*-129 is divided by 5.
3
Let o = -17 - -10. Let p = 10 + o. Suppose 21 = 4*x - p. What is the remainder when x is divided by 2?
0
Suppose 0 = -6*q + 2*q + 88. Let d(b) = 2*b**2 + 5*b - 5. Let v be d(1). Suppose -v*k - 7 = -25. Calculate the remainder when q is divided by k.
4
Suppose -22 = -k + 5*l, -2*k - 9 + 1 = 3*l. Suppose 3*a - 4*b + 21 = -2*a, 4*a + 18 = k*b. Calculate the remainder when (-84)/a + 2/10 is divided by 10.
7
Suppose 3*f - 45 = -4*k, -4 = 2*k - 5*f - 33. Let g = k - 9. Let o = -551 + 555. What is the remainder when o is divided by g?
1
Let n be 2/(-8) + 2/8. Suppose n = 298*z - 293*z - 1250. Let b = -152 + z. Calculate the remainder when b is divided by 33.
32
Let o(w) = 20*w**2 + 894*w + 3594. What is the remainder when o(-4) is divided by 123?
92
Suppose 18*m = 32*m - 28. Suppose 0 = 5*g + 3*q + q - 66, -16 = -g + m*q. What is the remainder when 137 is divided by g?
11
Suppose g - 166 = -3*t + 6*g, -5*g - 25 = 0. Calculate the remainder when t is divided by 16.
15
Suppose -820 = 2*t - 1064. Calculate the remainder when -44 + t - ((2 - 1) + 1) is divided by 21.
13
Calculate the remainder when 2357 is divided by (557 + (41 - 17))*1.
33
Suppose -15 = -3*k - 3. Let f be k/(-5) - 58/(-10). Suppose 0 = 2*z - 3*z - f*u + 41, 5*z + 5*u - 125 = 0. Calculate the remainder when 60 is divided by z.
18
Let q(h) = -h**2 + 8*h + 2. Let j be q(5). Let z = j + 2. What is the remainder when 53 is divided by z?
15
Suppose -529*s = -506*s - 1679. What is the remainder when 3210 is divided by s?
71
Suppose -g - 5*l = -4*l - 126, -5*l - 338 = -3*g. Suppose 104 = -w + g. What is the remainder when 543 is divided by w?
16
What is the remainder when (-2)/5 - (-21)/(105/52162) is divided by 94?
92
Let a(k) = 2*k**3 + 9*k**2 + k - 2. Let d be a(-6). Let l = 275 + d. What is the remainder when l is divided by 80?
79
Let z = 9 + -7. Suppose 3*d = 5*j + 7, -z*j - 4 = -6*j. Suppose 0 = 4*w - 324 - d. Calculate the remainder when w is divided by 29.
24
Let g = 378 - 362. Suppose 5*y - 91 = 129. Calculate the remainder when y is divided by g.
12
Suppose -s + 0*s + 16 = 0. Calculate the remainder when s is divided by (56/(-5))/(-14) + (-204)/(-170).
0
Suppose -85*a = -79*a - 114. Suppose -5*r = -p + a - 79, 0 = r + 3*p - 28. Let i = 36 - 16. Calculate the remainder when i is divided by r.
7
Let h(x) = x**3 + 13*x**2 + 10*x + 26. Calculate the remainder when h(-12) is divided by -5 - ((-47)/3 - (-5)/3).
5
Let w be 3/(-4) - 11/(-4) - -26. Suppose 0 = w*l - 23*l - 140. Suppose 46 = 3*g + 5*a - a, 0 = 3*g - a - 26. Calculate the remainder when l is divided by g.
8
Suppose v - 31 = 4*k, -2*v - 3*v + 59 = 4*k. Calculate the remainder when 270 is divided by 920/v*(-2 + (-28)/(-8)).
86
Suppose -2*n + 4 = 0, -d + n + 62078 = 3*d. What is the remainder when (18/(-11))/3 + d/220 is divided by 55?
15
Suppose 3*y - 4*y + 4*g = -12, -y + g = -24. Let z = 30 - y. What is the remainder when 76 is divided by 154/(-42)*(-4 - (1 - z))?
10
Let p(n) = 2*n + 3. Suppose -21*z - 61698 = -247*z. Calculate the remainder when z is divided by p(10).
20
Let u be 210 - (-5 + (4 - 5)). Suppose -87*p - u = -96*p. Calculate the remainder when p is divided by 13.
11
Calculate the remainder when 410 is divided by (-1530)/(-26) - 15/(-30)*28/91.
56
Suppose 3*p - 50 = 43. Suppose -2*z + 4*u = 46, 0*u - 40 = 2*z - u. Let k = -7 - z. What is the remainder when p is divided by k?
7
Suppose -15*i = 111*i - 5166. Calculate the remainder when 6189 is divided by i.
39
Suppose t - 145 = -150, 140 = 3*u + 2*t. Calculate the remainder when 315 is divided by u.
15
What is the remainder when (-1 + (-34)/(-3))/(31 + 1390/(-45)) is divided by ((-8)/10)/((-42)/(-45) - 1)?
9
Suppose -j + 2*j - 2*w + 8 = 0, -3*w + 14 = -2*j. Let n be -2*j/36 + 22/(-18). Let b = n - -28. What is the remainder when 50 is divided by b?
23
Suppose -59*i + 57*i + 2 = 0. Let l be (-17)/i - (2 + -1). Let k = 19 + l. Calculate the remainder when 1 is divided by k.
0
Suppose -z + 38 + 12 = v, -2*z = 4*v - 112. Calculate the remainder when z is divided by 15.
14
Let g be (-516)/26 + (-6)/39. Let m = -417 - -388. Let k = g - m. What is the remainder when 87 is divided by k?
6
Let z = -4110 - -5128. What is the remainder when z is divided by 68?
66
Let s(m) = -3*m - 54. Let w be s(-18). Let j(g) = g**3 + g**2 + 5*g + 29. What is the remainder when 88 is divided by j(w)?
1
Let x(n) = n**3 - 25*n**2 - 84*n + 5. Let i be x(28). What is the remainder when 59 is divided by 24*((-10)/(-4))/i?
11
Let q = -80 - -258. Suppose 14*m - 24 = 12*m. What is the remainder when q is divided by m?
10
What is the remainder when 2394 is divided by ((-768)/(-30) - -22) + 4/20*-3?
44
Let f = 4367 - 3753. What is the remainder when f is divided by 195?
29
Let b = 14 + -2. Let h = 15 - b. Calculate the remainder when 53 is divided by (h - 5)/(2/(-7)).
4
Let d(i) = i + 26. Let u(h) = h + 26. Let y(f) 